{"id":155,"date":"2017-02-09T12:56:16","date_gmt":"2017-02-09T10:56:16","guid":{"rendered":"http:\/\/ed.aislinthemes.com\/?page_id=348"},"modified":"2024-03-25T13:00:31","modified_gmt":"2024-03-25T11:00:31","slug":"oesindus","status":"publish","type":"page","link":"https:\/\/www.hve.edu.ee\/e\/?page_id=155","title":{"rendered":"\u00d5pilasesindus"},"content":{"rendered":"<p>[vc_row][vc_column css=&#8221;.vc_custom_1489757662264{margin-bottom: 0px !important;}&#8221;][vc_custom_heading text=&#8221;\u00d5pilasesindus&#8221; font_container=&#8221;tag:h1|text_align:left&#8221; use_theme_fonts=&#8221;yes&#8221; css=&#8221;.vc_custom_1599059771802{margin-top: 0px !important;margin-bottom: 20px !important;}&#8221;][vc_column_text][\/vc_column_text][\/vc_column][\/vc_row][vc_row][vc_column][vc_column_text]<\/p>\n<ol>\n<li>Kool 21. sajandil (edaspidi kool) \u00f5pilasesinduse p\u00f5him\u00e4\u00e4rus (edaspidi p\u00f5him\u00e4\u00e4rus) kinnitatakse p\u00f5hikooli- ja g\u00fcmnaasiumiseaduse \u00a7 60 l\u00f5ike 5 alusel ja selles s\u00e4testatakse \u00f5pilasesinduse moodustamise kord, \u00f5pilasesinduse \u00f5igused, kohustused ja vastutus ning t\u00f6\u00f6kord.<\/li>\n<li>\u00d5pilasesindus juhindub oma tegevuses kooli p\u00f5hikirjast, kooli kodukorrast, kokkulepetest kooli juhtkonna ja \u00f5pilasesinduse vahel, \u00f5pilasesinduse p\u00f5him\u00e4\u00e4rusest ning Eesti Vabariigi \u00f5igusaktidest.<\/li>\n<li>\u00d5pilasesindus ei ole juriidiline isik. Tal on kooli juhtkonnaga kokkuleppel v\u00f5imalus kasutada kooli ruume, vara, rekvisiite ja kooli arveldusarvele kantud \u00f5pilasesindusele sihtotstarbeliselt eraldatud vahendeid.<\/li>\n<\/ol>\n<p><strong>\u00d5pilasesinduse koosseis 2023\/2024<\/strong><\/p>\n<ol>\n<li>Esimees: Marek Grassman. 10kl.<\/li>\n<li>Roman Semjonov. 11kl.<\/li>\n<li>Ivan Ivantsik. 11kl.<\/li>\n<li>Claudia-Viktoria Saks. 12kl.<\/li>\n<li>Leon V\u00e4strik. 12kl.<\/li>\n<li>Polina Gulakova. 12kl.<\/li>\n<li>Varvara Burova. 10kl.<\/li>\n<li>Maksim Amirov. 8kl.<\/li>\n<li>Milana Zelentsova. 8 kl.<\/li>\n<li>Demean Kravtsenko. 7kl.<\/li>\n<\/ol>\n<p><strong>\u00d5pilasesinduse n\u00f5ukogu 16.11.2023.a.:<\/strong><\/p>\n<ol>\n<li>Uue protokollija valimine<\/li>\n<li>\u00d5pilasesinduse liikmete \u00fclevaade<\/li>\n<li>\u00d5pilasesindusse kandideerimise tulemused<\/li>\n<li>\u00d5ppejuhi tagasiside hindamisjuhise ettepanekutele<\/li>\n<li>Kooli juhtkonnaga kokkusaamised<\/li>\n<li>Vaba mikrofon<\/li>\n<\/ol>\n<p><strong>\u00d5pilasesinduse n\u00f5ukogu 17.01.2024.a.<\/strong><\/p>\n<ol>\n<li>Uute \u00f5pilasesinduse liikmete valimine<\/li>\n<li>Kooli arengukava<\/li>\n<li>Arvamuskultuuriga seostuv valikkursus<\/li>\n<li>\u00d5pilasesinduse p\u00f5him\u00e4\u00e4ruse muutmise vajadusest<\/li>\n<\/ol>\n<p>[\/vc_column_text][\/vc_column][\/vc_row]<\/p>\n","protected":false},"excerpt":{"rendered":"<p>[vc_row][vc_column css=&#8221;.vc_custom_1489757662264{margin-bottom: 0px !important;}&#8221;][vc_custom_heading text=&#8221;\u00d5pilasesindus&#8221; font_container=&#8221;tag:h1|text_align:left&#8221; use_theme_fonts=&#8221;yes&#8221; css=&#8221;.vc_custom_1599059771802{margin-top: 0px !important;margin-bottom: 20px !important;}&#8221;][vc_column_text][\/vc_column_text][\/vc_column][\/vc_row][vc_row][vc_column][vc_column_text] Kool 21. sajandil (edaspidi kool) \u00f5pilasesinduse p\u00f5him\u00e4\u00e4rus (edaspidi p\u00f5him\u00e4\u00e4rus) kinnitatakse p\u00f5hikooli- ja g\u00fcmnaasiumiseaduse \u00a7 60 l\u00f5ike 5 alusel ja selles s\u00e4testatakse \u00f5pilasesinduse moodustamise kord, \u00f5pilasesinduse \u00f5igused, kohustused ja vastutus ning t\u00f6\u00f6kord. \u00d5pilasesindus juhindub&nbsp;<a href=\"https:\/\/www.hve.edu.ee\/e\/?page_id=155\">&hellip;<\/a><\/p>\n","protected":false},"author":1,"featured_media":0,"parent":160,"menu_order":4,"comment_status":"closed","ping_status":"closed","template":"template-sidebar-right-childpages.php","meta":[],"_links":{"self":[{"href":"https:\/\/www.hve.edu.ee\/e\/index.php?rest_route=\/wp\/v2\/pages\/155"}],"collection":[{"href":"https:\/\/www.hve.edu.ee\/e\/index.php?rest_route=\/wp\/v2\/pages"}],"about":[{"href":"https:\/\/www.hve.edu.ee\/e\/index.php?rest_route=\/wp\/v2\/types\/page"}],"author":[{"embeddable":true,"href":"https:\/\/www.hve.edu.ee\/e\/index.php?rest_route=\/wp\/v2\/users\/1"}],"replies":[{"embeddable":true,"href":"https:\/\/www.hve.edu.ee\/e\/index.php?rest_route=%2Fwp%2Fv2%2Fcomments&post=155"}],"version-history":[{"count":14,"href":"https:\/\/www.hve.edu.ee\/e\/index.php?rest_route=\/wp\/v2\/pages\/155\/revisions"}],"predecessor-version":[{"id":2026,"href":"https:\/\/www.hve.edu.ee\/e\/index.php?rest_route=\/wp\/v2\/pages\/155\/revisions\/2026"}],"up":[{"embeddable":true,"href":"https:\/\/www.hve.edu.ee\/e\/index.php?rest_route=\/wp\/v2\/pages\/160"}],"wp:attachment":[{"href":"https:\/\/www.hve.edu.ee\/e\/index.php?rest_route=%2Fwp%2Fv2%2Fmedia&parent=155"}],"curies":[{"name":"wp","href":"https:\/\/api.w.org\/{rel}","templated":true}]}}