{"id":398,"date":"2020-09-02T11:59:01","date_gmt":"2020-09-02T09:59:01","guid":{"rendered":"https:\/\/www.hve.edu.ee\/z\/?page_id=398"},"modified":"2022-11-16T11:34:48","modified_gmt":"2022-11-16T09:34:48","slug":"kooli-oppekava","status":"publish","type":"page","link":"https:\/\/www.hve.edu.ee\/e\/?page_id=398","title":{"rendered":"Kooli \u00f5ppekava"},"content":{"rendered":"<p>[vc_row][vc_column][vc_custom_heading text=&#8221;KOOLI \u00d5PPEKAVA JA AINEKAVAD&#8221; font_container=&#8221;tag:h1|text_align:left&#8221; use_theme_fonts=&#8221;yes&#8221; css_animation=&#8221;top-to-bottom&#8221;][vc_tta_accordion active_section=&#8221;1&#8243;][vc_tta_section title=&#8221;kooli \u00f5ppekava \u00fcldosa&#8221; tab_id=&#8221;1667236767539-1dafdc25-a478&#8243;][vc_column_text css_animation=&#8221;bottom-to-top&#8221;]<\/p>\r\n<p><a href=\"https:\/\/hve.edu.ee\/e\/document\/oppekava2022.pdf\" target=\"_blank\" rel=\"noreferrer noopener\">Kooli \u00f5ppekava \u00fcldosa<\/a>\u00a0alates 01.09.2022 (pdf)<\/p>\r\n<p><!-- \/wp:paragraph -->&nbsp;<\/p>\r\n<p>[\/vc_column_text][\/vc_tta_section][vc_tta_section title=&#8221;Ainekavad&#8221; tab_id=&#8221;1667236767552-cf0e87a0-2ec4&#8243;][vc_column_text css_animation=&#8221;bottom-to-top&#8221;]<!-- wp:paragraph --><\/p>\r\n<p><a href=\"http:\/\/hve.edu.ee\/assets\/2021_psu.pdf\">Ps\u00fchholoogia ainekava. G\u00fcmnasium. 2021 (pdf)<\/a><\/p>\r\n<p><a href=\"http:\/\/hve.edu.ee\/assets\/2021_mus.pdf\">Muusika\u00f5petus. Ainekava. G\u00fcmnaasium. 2021 (pdf)<\/a><\/p>\r\n<p><a href=\"http:\/\/hve.edu.ee\/assets\/2021_ek.pdf\"> <span class=\"fontstyle0\">Eesti keel teise keelena ainekava. G\u00fcmnasium 2021 (pdf)<\/span><\/a><\/p>\r\n<!-- \/wp:paragraph -->\r\n<p><!-- wp:paragraph --><a href=\"https:\/\/hve.edu.ee\/e\/document\/Pohikooli-ainekavad-Kool-21-sajandil-01_04_2018-1.pdf\" target=\"_blank\" rel=\"noreferrer noopener\">P\u00f5hikooli ainekavad<\/a> alates 01.04.2018 (pdf)<\/p>\r\n<!-- \/wp:paragraph -->\r\n<p><!-- wp:paragraph --><a href=\"https:\/\/hve.edu.ee\/e\/document\/Gumnaasiumi-ainekavad-Kool-21-sajandil-01_04_2018.pdf\" target=\"_blank\" rel=\"noreferrer noopener\">G\u00fcmnaasiumi ainekavad<\/a> alates 01.04.2018 (pdf)<\/p>\r\n<p><!-- \/wp:paragraph -->[\/vc_column_text][vc_column_text][\/vc_column_text][\/vc_tta_section][\/vc_tta_accordion][vc_separator color=&#8221;white&#8221;][vc_tta_accordion active_section=&#8221;1&#8243; title=&#8221;ARHIIV&#8221;][vc_tta_section title=&#8221;kooli \u00f5ppekava \u00fcldosa (vana)&#8221; tab_id=&#8221;1667237955447-d5e2549b-c0e2&#8243;][vc_column_text]<\/p>\r\n<p><a href=\"https:\/\/hve.edu.ee\/e\/document\/Kool-21-sajandil-oppekava-uldosa-alates-01_01_2018.pdf\" target=\"_blank\" rel=\"noreferrer noopener\">Kooli \u00f5ppekava \u00fcldosa<\/a>\u00a0kuni 31.03.2018 (pdf)<\/p>\r\n<p>[\/vc_column_text][\/vc_tta_section][vc_tta_section title=&#8221;ainekavad (vanad)&#8221; tab_id=&#8221;1667237955465-8a48962e-8f2d&#8221;][vc_column_text]<!-- \/wp:paragraph --><\/p>\r\n<p><!-- wp:paragraph --><a href=\"https:\/\/hve.edu.ee\/e\/document\/Pohikooli-ainekavad-Kool-21-sajandil.pdf\" target=\"_blank\" rel=\"noreferrer noopener\">P\u00f5hikooli ainekavad<\/a> kuni 31.03.2018 (pdf)<\/p>\r\n<p><!-- \/wp:paragraph --><!-- wp:paragraph --><a href=\"https:\/\/hve.edu.ee\/e\/document\/Gumnaasiumi-ainekavad-Kool-21-sajandil.pdf\" target=\"_blank\" rel=\"noreferrer noopener\">G\u00fcmnaasiumi ainekavad<\/a> kuni 31.03.2018 (pdf)<\/p>\r\n<p>[\/vc_column_text][\/vc_tta_section][\/vc_tta_accordion][\/vc_column][\/vc_row][vc_row][vc_column][\/vc_column][\/vc_row]<\/p>\r\n","protected":false},"excerpt":{"rendered":"<p>[vc_row][vc_column][vc_custom_heading text=&#8221;KOOLI \u00d5PPEKAVA JA AINEKAVAD&#8221; font_container=&#8221;tag:h1|text_align:left&#8221; use_theme_fonts=&#8221;yes&#8221; css_animation=&#8221;top-to-bottom&#8221;][vc_tta_accordion active_section=&#8221;1&#8243;][vc_tta_section title=&#8221;kooli \u00f5ppekava \u00fcldosa&#8221; tab_id=&#8221;1667236767539-1dafdc25-a478&#8243;][vc_column_text css_animation=&#8221;bottom-to-top&#8221;] Kooli \u00f5ppekava \u00fcldosa\u00a0alates 01.09.2022 (pdf) &nbsp; [\/vc_column_text][\/vc_tta_section][vc_tta_section title=&#8221;Ainekavad&#8221; tab_id=&#8221;1667236767552-cf0e87a0-2ec4&#8243;][vc_column_text css_animation=&#8221;bottom-to-top&#8221;] Ps\u00fchholoogia ainekava. G\u00fcmnasium. 2021 (pdf) Muusika\u00f5petus. Ainekava. G\u00fcmnaasium. 2021 (pdf) Eesti keel teise keelena ainekava. G\u00fcmnasium 2021 (pdf) P\u00f5hikooli ainekavad alates&nbsp;<a href=\"https:\/\/www.hve.edu.ee\/e\/?page_id=398\">&hellip;<\/a><\/p>\n","protected":false},"author":1,"featured_media":0,"parent":160,"menu_order":0,"comment_status":"closed","ping_status":"closed","template":"template-sidebar-right-childpages.php","meta":[],"_links":{"self":[{"href":"https:\/\/www.hve.edu.ee\/e\/index.php?rest_route=\/wp\/v2\/pages\/398"}],"collection":[{"href":"https:\/\/www.hve.edu.ee\/e\/index.php?rest_route=\/wp\/v2\/pages"}],"about":[{"href":"https:\/\/www.hve.edu.ee\/e\/index.php?rest_route=\/wp\/v2\/types\/page"}],"author":[{"embeddable":true,"href":"https:\/\/www.hve.edu.ee\/e\/index.php?rest_route=\/wp\/v2\/users\/1"}],"replies":[{"embeddable":true,"href":"https:\/\/www.hve.edu.ee\/e\/index.php?rest_route=%2Fwp%2Fv2%2Fcomments&post=398"}],"version-history":[{"count":27,"href":"https:\/\/www.hve.edu.ee\/e\/index.php?rest_route=\/wp\/v2\/pages\/398\/revisions"}],"predecessor-version":[{"id":1791,"href":"https:\/\/www.hve.edu.ee\/e\/index.php?rest_route=\/wp\/v2\/pages\/398\/revisions\/1791"}],"up":[{"embeddable":true,"href":"https:\/\/www.hve.edu.ee\/e\/index.php?rest_route=\/wp\/v2\/pages\/160"}],"wp:attachment":[{"href":"https:\/\/www.hve.edu.ee\/e\/index.php?rest_route=%2Fwp%2Fv2%2Fmedia&parent=398"}],"curies":[{"name":"wp","href":"https:\/\/api.w.org\/{rel}","templated":true}]}}